{"id":135,"date":"2025-10-05T10:58:18","date_gmt":"2025-10-05T08:58:18","guid":{"rendered":"http:\/\/clarol.ch\/lhs\/?page_id=135"},"modified":"2025-10-05T11:07:30","modified_gmt":"2025-10-05T09:07:30","slug":"mietanfrage","status":"publish","type":"page","link":"https:\/\/clarol.ch\/lhs\/mietanfrage\/","title":{"rendered":"Mietanfrage"},"content":{"rendered":"\n<p>Bei Interesse, ein Apartment zu mieten, bitten wir Dich, das nachfolgende Formular vollst\u00e4ndig auszuf\u00fcllen. Wir werden uns in den n\u00e4chsten Tagen bei Dir melden.  <\/p>\n\n\n<style id=\"wpforms-css-vars-138-block-6c10df58-10fb-4c4b-9225-6c38d49cef25\">\n\t\t\t\t#wpforms-138.wpforms-block-6c10df58-10fb-4c4b-9225-6c38d49cef25 {\n\t\t\t\t--wpforms-field-size-input-height: 43px;\n--wpforms-field-size-input-spacing: 15px;\n--wpforms-field-size-font-size: 16px;\n--wpforms-field-size-line-height: 19px;\n--wpforms-field-size-padding-h: 14px;\n--wpforms-field-size-checkbox-size: 16px;\n--wpforms-field-size-sublabel-spacing: 5px;\n--wpforms-field-size-icon-size: 1;\n--wpforms-label-size-font-size: 16px;\n--wpforms-label-size-line-height: 19px;\n--wpforms-label-size-sublabel-font-size: 14px;\n--wpforms-label-size-sublabel-line-height: 17px;\n--wpforms-button-size-font-size: 17px;\n--wpforms-button-size-height: 41px;\n--wpforms-button-size-padding-h: 15px;\n--wpforms-button-size-margin-top: 10px;\n\t\t\t}\n\t\t\t<\/style><div class=\"wpforms-container wpforms-container-full wpforms-block wpforms-block-6c10df58-10fb-4c4b-9225-6c38d49cef25 wpforms-render-modern\" id=\"wpforms-138\"><form id=\"wpforms-form-138\" class=\"wpforms-validate wpforms-form wpforms-ajax-form\" data-formid=\"138\" method=\"post\" enctype=\"multipart\/form-data\" action=\"\/lhs\/wp-json\/wp\/v2\/pages\/135\" data-token=\"94e812b3ca252a27b1e6dd378031a08d\" data-token-time=\"1776418551\"><noscript class=\"wpforms-error-noscript\">Bitte aktiviere JavaScript in deinem Browser, um dieses Formular fertigzustellen.<\/noscript><div id=\"wpforms-error-noscript\" style=\"display: none;\">Bitte aktiviere JavaScript in deinem Browser, um dieses Formular fertigzustellen.<\/div><div class=\"wpforms-field-container\"><div id=\"wpforms-138-field_1-container\" class=\"wpforms-field wpforms-field-text\" data-field-id=\"1\"><label class=\"wpforms-field-label\" for=\"wpforms-138-field_1\">Vorname <span class=\"wpforms-required-label\" aria-hidden=\"true\">*<\/span><\/label><input type=\"text\" id=\"wpforms-138-field_1\" class=\"wpforms-field-medium wpforms-field-required\" name=\"wpforms[fields][1]\" aria-errormessage=\"wpforms-138-field_1-error\" required><\/div><div id=\"wpforms-138-field_2-container\" class=\"wpforms-field wpforms-field-text\" data-field-id=\"2\"><label class=\"wpforms-field-label\" for=\"wpforms-138-field_2\">Name <span class=\"wpforms-required-label\" aria-hidden=\"true\">*<\/span><\/label><input type=\"text\" id=\"wpforms-138-field_2\" class=\"wpforms-field-medium wpforms-field-required\" name=\"wpforms[fields][2]\" aria-errormessage=\"wpforms-138-field_2-error\" required><\/div>\t\t<div id=\"wpforms-138-field_3-container\"\n\t\t\tclass=\"wpforms-field wpforms-field-text\"\n\t\t\tdata-field-type=\"text\"\n\t\t\tdata-field-id=\"3\"\n\t\t\t>\n\t\t\t<label class=\"wpforms-field-label\" for=\"wpforms-138-field_3\" >Mietinteresse E-Mail Parkplatz<\/label>\n\t\t\t<input type=\"text\" id=\"wpforms-138-field_3\" class=\"wpforms-field-medium\" name=\"wpforms[fields][3]\" >\n\t\t<\/div>\n\t\t<div id=\"wpforms-138-field_4-container\" class=\"wpforms-field wpforms-field-text\" data-field-id=\"4\"><label class=\"wpforms-field-label\" for=\"wpforms-138-field_4\">Strasse <span class=\"wpforms-required-label\" aria-hidden=\"true\">*<\/span><\/label><input type=\"text\" id=\"wpforms-138-field_4\" class=\"wpforms-field-medium wpforms-field-required\" name=\"wpforms[fields][4]\" aria-errormessage=\"wpforms-138-field_4-error\" aria-describedby=\"wpforms-138-field_4-description\" required><div id=\"wpforms-138-field_4-description\" class=\"wpforms-field-description\">Aktuelle Wohnadresse<\/div><\/div><div id=\"wpforms-138-field_5-container\" class=\"wpforms-field wpforms-field-text\" data-field-id=\"5\"><label class=\"wpforms-field-label\" for=\"wpforms-138-field_5\">PLZ <span class=\"wpforms-required-label\" aria-hidden=\"true\">*<\/span><\/label><input type=\"text\" id=\"wpforms-138-field_5\" class=\"wpforms-field-small wpforms-field-required wpforms-limit-characters-enabled\" data-form-id=\"138\" data-field-id=\"5\" data-text-limit=\"5\" name=\"wpforms[fields][5]\" aria-errormessage=\"wpforms-138-field_5-error\" maxlength=\"5\" required><\/div><div id=\"wpforms-138-field_6-container\" class=\"wpforms-field wpforms-field-text\" data-field-id=\"6\"><label class=\"wpforms-field-label\" for=\"wpforms-138-field_6\">Ort <span class=\"wpforms-required-label\" aria-hidden=\"true\">*<\/span><\/label><input type=\"text\" id=\"wpforms-138-field_6\" class=\"wpforms-field-medium wpforms-field-required\" name=\"wpforms[fields][6]\" aria-errormessage=\"wpforms-138-field_6-error\" required><\/div><div id=\"wpforms-138-field_7-container\" class=\"wpforms-field wpforms-field-text\" data-field-id=\"7\"><label class=\"wpforms-field-label\" for=\"wpforms-138-field_7\">Telefon Mobil <span class=\"wpforms-required-label\" aria-hidden=\"true\">*<\/span><\/label><input type=\"text\" id=\"wpforms-138-field_7\" class=\"wpforms-field-medium wpforms-field-required\" name=\"wpforms[fields][7]\" aria-errormessage=\"wpforms-138-field_7-error\" required><\/div><div id=\"wpforms-138-field_8-container\" class=\"wpforms-field wpforms-field-email\" data-field-id=\"8\"><label class=\"wpforms-field-label\" for=\"wpforms-138-field_8\">E-Mail <span class=\"wpforms-required-label\" aria-hidden=\"true\">*<\/span><\/label><input type=\"email\" id=\"wpforms-138-field_8\" class=\"wpforms-field-medium wpforms-field-required\" name=\"wpforms[fields][8]\" spellcheck=\"false\" aria-errormessage=\"wpforms-138-field_8-error\" required><\/div><div id=\"wpforms-138-field_9-container\" class=\"wpforms-field wpforms-field-select wpforms-field-select-style-classic\" data-field-id=\"9\"><label class=\"wpforms-field-label\" for=\"wpforms-138-field_9\">Mietinteresse an folgendem Apartment<\/label><select id=\"wpforms-138-field_9\" class=\"wpforms-field-medium\" name=\"wpforms[fields][9]\"><option value=\"keine Pr\u00e4ferenz\"  class=\"choice-9 depth-1\"  >keine Pr\u00e4ferenz<\/option><option value=\"Wohnung 1 (EG, S\u00fcd)\"  class=\"choice-1 depth-1\"  >Wohnung 1 (EG, S\u00fcd)<\/option><option value=\"Wohnung 2 (OG1, West)\"  class=\"choice-2 depth-1\"  >Wohnung 2 (OG1, West)<\/option><option value=\"Wohnung 3 (OG1, S\u00fcd)\"  class=\"choice-3 depth-1\"  >Wohnung 3 (OG1, S\u00fcd)<\/option><option value=\"Wohnung 4 (OG2, West)\"  class=\"choice-6 depth-1\"  >Wohnung 4 (OG2, West)<\/option><option value=\"Wohnung 5 (OG2, S\u00fcd)\"  class=\"choice-5 depth-1\"  >Wohnung 5 (OG2, S\u00fcd)<\/option><option value=\"Wohnung 6 (OG3, West)\"  class=\"choice-4 depth-1\"  >Wohnung 6 (OG3, West)<\/option><option value=\"Wohnung 7 (OG3, S\u00fcd)\"  class=\"choice-8 depth-1\"  >Wohnung 7 (OG3, S\u00fcd)<\/option><\/select><\/div><div id=\"wpforms-138-field_10-container\" class=\"wpforms-field wpforms-field-textarea\" data-field-id=\"10\"><label class=\"wpforms-field-label\" for=\"wpforms-138-field_10\">Warum ich dieses Apartment mieten m\u00f6chte und wer noch mit mir einziehen w\u00fcrde<\/label><textarea id=\"wpforms-138-field_10\" class=\"wpforms-field-medium\" name=\"wpforms[fields][10]\" aria-errormessage=\"wpforms-138-field_10-error\" ><\/textarea><\/div><div id=\"wpforms-138-field_11-container\" class=\"wpforms-field wpforms-field-text\" data-field-id=\"11\"><label class=\"wpforms-field-label\" for=\"wpforms-138-field_11\">Gew\u00fcnschter Einzugstermin<\/label><input type=\"text\" id=\"wpforms-138-field_11\" class=\"wpforms-field-medium\" name=\"wpforms[fields][11]\" aria-errormessage=\"wpforms-138-field_11-error\" aria-describedby=\"wpforms-138-field_11-description\" ><div id=\"wpforms-138-field_11-description\" class=\"wpforms-field-description\">Der definitive Einzugstermin wird mit dem Mietvertrag gemeinsam festgelegt.<\/div><\/div><div id=\"wpforms-138-field_12-container\" class=\"wpforms-field wpforms-field-number\" data-field-id=\"12\"><label class=\"wpforms-field-label\" for=\"wpforms-138-field_12\">Anzahl Fahrr\u00e4der <span class=\"wpforms-required-label\" aria-hidden=\"true\">*<\/span><\/label><input type=\"number\" id=\"wpforms-138-field_12\" class=\"wpforms-field-small wpforms-field-required\" name=\"wpforms[fields][12]\" value=\"1\" min=\"0\" max=\"4\" step=\"any\" aria-errormessage=\"wpforms-138-field_12-error\" aria-describedby=\"wpforms-138-field_12-description\" required><div id=\"wpforms-138-field_12-description\" class=\"wpforms-field-description\">Tiefgarage f\u00fcr Fahrr\u00e4der und E-Bikes inklusive Ladestationen ist vorhanden.<\/div><\/div><div id=\"wpforms-138-field_13-container\" class=\"wpforms-field wpforms-field-checkbox wpforms-list-2-columns\" data-field-id=\"13\"><fieldset><legend class=\"wpforms-field-label\">Parkplatz f\u00fcr Autos <span class=\"wpforms-required-label\" aria-hidden=\"true\">*<\/span><\/legend><ul id=\"wpforms-138-field_13\" class=\"wpforms-field-required\"><li class=\"choice-1 depth-1\"><input type=\"checkbox\" id=\"wpforms-138-field_13_1\" name=\"wpforms[fields][13][]\" value=\"Miete Parkplatz gedeckt (inkl. Ladestation)\" aria-errormessage=\"wpforms-138-field_13_1-error\" aria-describedby=\"wpforms-138-field_13-description\" required ><label class=\"wpforms-field-label-inline\" for=\"wpforms-138-field_13_1\">Miete Parkplatz gedeckt (inkl. Ladestation)<\/label><\/li><li class=\"choice-2 depth-1\"><input type=\"checkbox\" id=\"wpforms-138-field_13_2\" name=\"wpforms[fields][13][]\" value=\"Miete Parkplatz ungedeckt\" aria-errormessage=\"wpforms-138-field_13_2-error\" aria-describedby=\"wpforms-138-field_13-description\" required ><label class=\"wpforms-field-label-inline\" for=\"wpforms-138-field_13_2\">Miete Parkplatz ungedeckt<\/label><\/li><li class=\"choice-3 depth-1\"><input type=\"checkbox\" id=\"wpforms-138-field_13_3\" name=\"wpforms[fields][13][]\" value=\"kein Parkplatz notwendig\" aria-errormessage=\"wpforms-138-field_13_3-error\" aria-describedby=\"wpforms-138-field_13-description\" required ><label class=\"wpforms-field-label-inline\" for=\"wpforms-138-field_13_3\">kein Parkplatz notwendig<\/label><\/li><\/ul><div id=\"wpforms-138-field_13-description\" class=\"wpforms-field-description\">Wir stellen ein beschr\u00e4nktes Angebot an Parkpl\u00e4tzen f\u00fcr Autos zur Verf\u00fcgung.<\/div><\/fieldset><\/div><div id=\"wpforms-138-field_15-container\" class=\"wpforms-field wpforms-field-text\" data-field-id=\"15\"><label class=\"wpforms-field-label\" for=\"wpforms-138-field_15\">Aufmerksam geworden durch<\/label><input type=\"text\" id=\"wpforms-138-field_15\" class=\"wpforms-field-medium\" name=\"wpforms[fields][15]\" aria-errormessage=\"wpforms-138-field_15-error\" ><\/div><script>\n\t\t\t\t( function() {\n\t\t\t\t\tconst style = document.createElement( 'style' );\n\t\t\t\t\tstyle.appendChild( document.createTextNode( '#wpforms-138-field_3-container { position: absolute !important; overflow: hidden !important; display: inline !important; height: 1px !important; width: 1px !important; z-index: -1000 !important; padding: 0 !important; } #wpforms-138-field_3-container input { visibility: hidden; } #wpforms-conversational-form-page #wpforms-138-field_3-container label { counter-increment: none; }' ) );\n\t\t\t\t\tdocument.head.appendChild( style );\n\t\t\t\t\tdocument.currentScript?.remove();\n\t\t\t\t} )();\n\t\t\t<\/script><\/div><!-- .wpforms-field-container --><div class=\"wpforms-submit-container\" ><input type=\"hidden\" name=\"wpforms[id]\" value=\"138\"><input type=\"hidden\" name=\"page_title\" value=\"\"><input type=\"hidden\" name=\"page_url\" value=\"https:\/\/clarol.ch\/lhs\/wp-json\/wp\/v2\/pages\/135\"><input type=\"hidden\" name=\"url_referer\" value=\"\"><button type=\"submit\" name=\"wpforms[submit]\" id=\"wpforms-submit-138\" class=\"wpforms-submit\" data-alt-text=\"Senden\u2026\" data-submit-text=\"Mietanfrage absenden\" aria-live=\"assertive\" value=\"wpforms-submit\">Mietanfrage absenden<\/button><img loading=\"lazy\" decoding=\"async\" src=\"https:\/\/clarol.ch\/lhs\/wp-content\/plugins\/wpforms-lite\/assets\/images\/submit-spin.svg\" class=\"wpforms-submit-spinner\" style=\"display: none;\" width=\"26\" height=\"26\" alt=\"Wird geladen\"><\/div><\/form><\/div>  <!-- .wpforms-container -->\n\n\n<div class=\"wp-block-group alignfull has-accent-background-color has-background has-global-padding is-layout-constrained wp-container-core-group-is-layout-669513ed wp-block-group-is-layout-constrained\" style=\"margin-top:0;margin-bottom:0;padding-top:var(--wp--preset--spacing--50);padding-right:var(--wp--preset--spacing--50);padding-bottom:var(--wp--preset--spacing--50);padding-left:var(--wp--preset--spacing--50)\"><\/div>\n","protected":false},"excerpt":{"rendered":"<p>Bei Interesse, ein Apartment zu mieten, bitten wir Dich, das nachfolgende Formular vollst\u00e4ndig auszuf\u00fcllen. Wir werden uns in den n\u00e4chsten Tagen bei Dir melden.<\/p>\n","protected":false},"author":1,"featured_media":0,"parent":0,"menu_order":0,"comment_status":"closed","ping_status":"closed","template":"","meta":{"footnotes":""},"class_list":["post-135","page","type-page","status-publish","hentry"],"_links":{"self":[{"href":"https:\/\/clarol.ch\/lhs\/wp-json\/wp\/v2\/pages\/135","targetHints":{"allow":["GET"]}}],"collection":[{"href":"https:\/\/clarol.ch\/lhs\/wp-json\/wp\/v2\/pages"}],"about":[{"href":"https:\/\/clarol.ch\/lhs\/wp-json\/wp\/v2\/types\/page"}],"author":[{"embeddable":true,"href":"https:\/\/clarol.ch\/lhs\/wp-json\/wp\/v2\/users\/1"}],"replies":[{"embeddable":true,"href":"https:\/\/clarol.ch\/lhs\/wp-json\/wp\/v2\/comments?post=135"}],"version-history":[{"count":3,"href":"https:\/\/clarol.ch\/lhs\/wp-json\/wp\/v2\/pages\/135\/revisions"}],"predecessor-version":[{"id":142,"href":"https:\/\/clarol.ch\/lhs\/wp-json\/wp\/v2\/pages\/135\/revisions\/142"}],"wp:attachment":[{"href":"https:\/\/clarol.ch\/lhs\/wp-json\/wp\/v2\/media?parent=135"}],"curies":[{"name":"wp","href":"https:\/\/api.w.org\/{rel}","templated":true}]}}